+ 4*l - 22 = -b. Calculate the remainder when 16 is divided by y - (1 + -2 + b).
4
Let d(c) = -c - 8. Let r be d(-6). What is the remainder when (-17 - r - 0)/((-3)/4) is divided by 7?
6
Let f = 209 + -196. Suppose 4 = b - 32. Calculate the remainder when b is divided by f.
10
Let t be (13 + -9)*(-1 - 0). Let m be (15/t)/(27/144). Let n = 43 + m. What is the remainder when n is divided by 6?
5
Let c(p) = 36*p**2 + 4*p + 1. What is the remainder when 160 is divided by c(-1)?
28
Suppose -5*j - 4*y + 166 = 0, -2*j + 2*y = -29 - 41. What is the remainder when 55 is divided by j?
21
Let b = 417 - 412. What is the remainder when 26 is divided by b?
1
Suppose -q + 2 = -3*g, -2*q + 26 = -4*g + 12. What is the remainder when 82 is divided by q?
14
Let y(d) = d**2 - 6*d - 8. Suppose 2*m + 158 - 42 = 0. Let u = -36 - m. Calculate the remainder when u is divided by y(8).
6
Suppose 5*s = -x - 2*x + 189, 4*x + 203 = 5*s. Let l = -19 + s. What is the remainder when 39 is divided by l?
19
Suppose h = -h. Suppose h = -2*t + o + 21, -t + 3*o = 2*o - 13. Calculate the remainder when 17 is divided by t.
1
Suppose 5*n - v - 2 = 2*n, v = 4*n - 4. Suppose y = -4*g + 185, -2*g + n*y = 5*y - 85. What is the remainder when g is divided by 12?
11
Let s(z) = -2*z**2 + 2. Let f be s(6). Let h = -383 - -503. Let i = f + h. Calculate the remainder when i is divided by 18.
14
Let x(g) = 3*g - 23. Let p = -53 - -64. Let l(i) = -5*i - 3. What is the remainder when l(-6) is divided by x(p)?
7
Suppose 0 = -0*p + 4*p - 8. Calculate the remainder when 123 is divided by -2*((-75)/p)/3.
23
Let h = -122 - -152. Calculate the remainder when 55 is divided by h.
25
Let j(y) = 24*y**2 - 13*y - 9. What is the remainder when j(4) is divided by 36?
35
Calculate the remainder when (-357 + -8)*(4/(-10) - 0) is divided by 31.
22
Let c be 2 + (-9)/12*-4. Suppose 67 = c*y - 13. Calculate the remainder when (0 + -11)/((-16)/64) is divided by y.
12
Let s(c) = -10*c**2 + 122*c - 17. What is the remainder when 49 is divided by s(12)?
0
Calculate the remainder when ((-3)/((-6)/23))/((-1)/(-10)) is divided by 29.
28
Let v = -422 + 510. What is the remainder when v is divided by 40?
8
Suppose 4*l + 86 = b, 9*l = -3*b + 8*l + 219. Calculate the remainder when 287 is divided by b.
65
Suppose 2*x - 13*a - 328 = -15*a, -313 = -2*x - 5*a. Calculate the remainder when x is divided by 10.
9
Suppose -2*x - 5*f - 28 + 49 = 0, x - 3*f = 16. What is the remainder when 166 is divided by x?
10
Let w = -214 - -389. Suppose -5*k = 5*i - w, 0*k - 65 = -2*k + 3*i. What is the remainder when 135 is divided by k?
33
Suppose 4*u = 3*c + 83, c - 3*c + 6 = 0. Calculate the remainder when 134 is divided by u.
19
Calculate the remainder when (-549)/(-2) + 5/(-30)*-15 is divided by 31.
29
Let z = 15 - 21. Suppose 192 - 48 = 9*a. What is the remainder when ((-46)/z)/(2/12) is divided by a?
14
Let q(h) = 2*h**2 - 29*h + 18. What is the remainder when q(19) is divided by 24?
21
Let i = -19 + 42. Suppose -3 = -5*w - i. Calculate the remainder when 6 is divided by 4 + w + 0 - -2.
0
Let z(r) = 210*r + 2. Let l be z(2). Suppose -2*j = -o - l, -3*o - 2 = 10. What is the remainder when 43 is divided by j/9 - 6/27?
20
Let m(r) = r**2 + 16*r + 16. Let v be m(-15). Let t = 1 + v. Suppose -t*u = -0*u - 68. What is the remainder when u is divided by 18?
16
Let q be 7*(-1 - -3 - (7 + -4)). Let o(c) = c**3 + 9*c**2 + 2*c + 3. What is the remainder when o(q) is divided by 22?
21
Let f = -29 - -39. What is the remainder when 13 is divided by f?
3
Let j = -407 + 416. What is the remainder when 206/14 + (-4)/(-14) is divided by j?
6
Let j(n) = -133*n - 316. Calculate the remainder when j(-6) is divided by 23.
22
Suppose -2*w + 28 + 88 = 0. Suppose 16 - w = -2*j. Suppose j = -0*u + u - 4*y, -2*u + 2*y = -36. Calculate the remainder when 49 is divided by u.
15
Let m = 82 - 76. Suppose 4*t + m = 6*t. Suppose -3*x - 2*x = -30. What is the remainder when x is divided by t?
0
Calculate the remainder when 21 - (4 + 2 + -4) is divided by -5*(3/3)/(2/(-4)).
9
Let b = -868 - -988. What is the remainder when 597 is divided by b?
117
Let m(z) be the second derivative of z**5/20 - 7*z**4/6 - 13*z**3/6 - 19*z**2/2 - 17*z. What is the remainder when 21 is divided by m(15)?
10
Let j = -11 + 1. Calculate the remainder when ((-732)/j)/(-6)*-5 is divided by 18.
7
Let i(q) = q**3 + 6*q**2 + 2*q - 2. Let k be i(-5). Let l = k + 2. Let z = l - -10. What is the remainder when z is divided by 14?
11
Let a be -4 - (25/(-5) + -3). Suppose -5*i + 2*m + 157 = -71, -a*i = -2*m - 184. Calculate the remainder when 131 is divided by i.
43
Let x be (4/1)/(-4 - -5). Let v(j) = -j - 17. Let q be v(0). Calculate the remainder when 5 is divided by x/(-10) - q/5.
2
Suppose -4*w + 3 = -5. Calculate the remainder when 1 + -3 - (w + -120) is divided by 17.
14
Suppose 4*p = 7 + 13. Suppose -10 = -5*s - 4*n, -4 = -2*s - p*n - 0. Suppose s*z + 6 = 40. What is the remainder when 49 is divided by z?
15
Let p = -11 - -51. Let f = -5 - -19. Calculate the remainder when p is divided by f.
12
What is the remainder when (-189)/84 + 13620/16 is divided by 50?
49
Calculate the remainder when 322 is divided by (-65)/(-2) - 175/(-50).
34
What is the remainder when 91 is divided by 3/12 - 2244/(-48)?
44
Let a = -126 - -75. Let u = 200 + a. What is the remainder when u is divided by 51?
47
Let k = 375 - -272. Calculate the remainder when k is divided by 36.
35
Let b = -66 - -101. Suppose 3*j + b = 8*j. Let c = 10 + j. Calculate the remainder when c is divided by 10.
7
Let s = 120 - 43. Let y = s + -74. Calculate the remainder when 12 is divided by y.
0
Let y be ((-44)/(-8) + -6)*(-8)/2. Suppose -10*n + y*n + 296 = 0. Suppose 3*w - 3*x + 6 = 42, 2*x = -3*w + 41. What is the remainder when n is divided by w?
11
Let a be ((-15)/4)/((-1)/(-4)). Let r(x) = 3*x + 14. Let f be r(6). Let b = f + a. Calculate the remainder when 49 is divided by b.
15
Suppose 0 = 5*u - 3*u - 3*z - 13, 3*z + 5 = -2*u. Calculate the remainder when 90 is divided by u.
0
Let i be -8*3/12*-2. Suppose 2*t = -i*r + 6, -t = -r - 1 + 7. What is the remainder when ((-8)/20)/(1/(-20)) is divided by r?
2
Let d = 43 - 18. Suppose 5*p - 4*m - 60 = 0, 4*p - d = -m + 2. Calculate the remainder when 3/(6/p) - -78 is divided by 14.
12
Suppose 0*c - 10 = -2*c. Suppose -c*w - 74 = -304. Calculate the remainder when w is divided by 24.
22
Suppose -4 + 40 = 3*d. Let n = 93 - 48. Calculate the remainder when n is divided by d.
9
Let m(l) = 3*l + 69. What is the remainder when 75 is divided by m(-10)?
36
Let j(k) = -29*k**3 + 1. Let v be j(-1). Suppose v = -3*z + z. Let g = 23 + z. Calculate the remainder when 28 is divided by g.
4
Let k(o) = -o**3 + 16*o**2 - 3*o + 75. What is the remainder when 52 is divided by k(16)?
25
Let w = -43 - -33. Let c = 13 + w. Suppose -u = 4*t + u - 128, 3*t + c*u - 96 = 0. What is the remainder when t is divided by 11?
10
Let q(j) = 103*j**3 + 3*j**2 - j - 1. Calculate the remainder when q(1) is divided by 41.
22
Suppose 0 = n + n - 4*j + 182, n - 3*j = -91. Let q = n + 95. Calculate the remainder when q is divided by 4.
0
Suppose -2*c = 4*j - 1972, 5*c - 2241 - 2715 = 3*j. Suppose 19*a + c = 25*a. What is the remainder when a is divided by 34?
29
Let f(c) = 35*c**2 - 7*c + 10. Let m(u) = 23*u**2 - 5*u + 7. Let n(j) = -5*f(j) + 8*m(j). Calculate the remainder when 126 is divided by n(2).
30
Let w(q) = -4*q. Suppose 11 = -a - 4*v + 3, -5*a + 5*v = -10. Suppose a = 5*b + 3*p - 79, 3*p = -b + 4*b - 57. What is the remainder when w(-8) is divided by b?
15
Suppose -27 = -h - 2*h. Suppose -3*i = 5*y - 87, -94 = 4*y - 9*y + 4*i. What is the remainder when y is divided by (-168)/(-18) + ((-6)/h)/(-1)?
8
Suppose -12*d = -9*d - 5*a - 85, -d - 4*a = 0. What is the remainder when 1419 is divided by d?
19
Let f = -15 + 29. What is the remainder when 4/3*1239/f is divided by 30?
28
Suppose 6*r + 203 - 4409 = 0. Calculate the remainder when r is divided by 26.
25
Let w be (-35 - 5)/(0 - 1). Suppose 4*n - w = -0*n. Let l = n + 5. Calculate the remainder when 29 is divided by l.
14
Let b(z) = -2*z**2 - 71*z - 202. Suppose -55 = -5*k + 20. Calculate the remainder when b(-32) is divided by k.
7
Suppose -v + 6 = 2*t, -2*v + 17 - 3 = 5*